101010
What is -2301010 (base 4) in base 5?
-330312
Convert 143 (base 16) to base 2.
101000011
Convert 133b (base 12) to base 2.
100010011111
-3221222 (base 4) to base 15
-466e
87 (base 15) to base 2
1111111
What is -13244 (base 6) in base 11?
-1599
Convert -10573 (base 9) to base 8.
-15570
Convert -50507 (base 10) to base 2.
-1100010101001011
What is 198 (base 12) in base 16?
104
Convert 162 (base 16) to base 4.
11202
Convert 184f (base 16) to base 7.
24100
Convert -bc (base 13) to base 8.
-233
What is -21110 (base 3) in base 16?
-c9
What is -1011010001011 (base 2) in base 5?
-141041
6b4b (base 15) to base 7
123314
What is -767b (base 16) in base 13?
-10a62
What is 10911 (base 10) in base 5?
322121
What is -2355 (base 8) in base 16?
-4ed
What is -1db (base 16) in base 4?
-13123
What is -3446 (base 9) in base 7?
-10305
-3024 (base 7) to base 13
-627
8134 (base 9) to base 15
1b64
What is -120002221 (base 3) in base 11?
-8303
What is 354 (base 10) in base 8?
542
Convert -4ed3 (base 16) to base 9.
-30611
What is -ad5 (base 15) in base 12?
-1502
494 (base 14) to base 2
1110010010
-bcf (base 16) to base 9
-4128
151325 (base 7) to base 15
8a4b
Convert -b8 (base 13) to base 16.
-97
What is 4031 (base 5) in base 13?
309
10201 (base 4) to base 11
243
What is 1002100 (base 4) in base 5?
113430
What is -111100 (base 3) in base 16?
-168
-200120 (base 3) to base 2
-111110101
-5201 (base 9) to base 3
-12020001
What is -102110 (base 3) in base 9?
-373
What is -11098 (base 10) in base 4?
-2231122
Convert -4960 (base 14) to base 9.
-18528
What is 326 (base 12) in base 9?
563
What is -546 (base 8) in base 7?
-1021
What is 1875 (base 14) in base 12?
267b
What is b593 (base 12) in base 4?
10311333
What is 2120 (base 12) in base 5?
103444
Convert 12020102 (base 4) to base 5.
1300411
-23224 (base 5) to base 11
-12a6
What is -ed0 (base 16) in base 5?
-110132
-11301 (base 7) to base 2
-101101001100
What is -4282 (base 9) in base 7?
-12122
-eea (base 16) to base 15
-11e8
What is 38a (base 13) in base 6?
2513
Convert 152550 (base 6) to base 9.
22383
What is -140 (base 6) in base 11?
-55
What is 554 (base 10) in base 11?
464
-42645 (base 8) to base 4
-10112211
157031 (base 8) to base 10
56857
What is -2330 (base 10) in base 14?
-bc6
Convert 101111111111 (base 2) to base 12.
193b
3586 (base 13) to base 7
31000
Convert 20920 (base 11) to base 6.
352413
What is 24b (base 12) in base 11?
296
-1010122200 (base 3) to base 12
-10b23
39b5 (base 16) to base 13
6955
What is -211100002 (base 3) in base 6?
-203215
9b6 (base 15) to base 13
ccc
-6a4 (base 11) to base 16
-348
-110101 (base 3) to base 12
-23a
What is -b5 (base 12) in base 14?
-9b
Convert 954 (base 15) to base 12.
1274
What is -5212 (base 14) in base 6?
-145224
Convert -2427 (base 14) to base 16.
-18a3
-12332 (base 8) to base 2
-1010011011010
What is -31 (base 10) in base 6?
-51
Convert -2555 (base 9) to base 3.
-2121212
What is 35b (base 15) in base 9?
1035
What is 7c7 (base 13) in base 12?
942
111 (base 4) to base 16
15
Convert -64 (base 15) to base 9.
-114
338a (base 15) to base 14
3daa
Convert 14717 (base 9) to base 3.
111210121
-373 (base 8) to base 9
-308
Convert 1010110010 (base 2) to base 12.
496
5685 (base 9) to base 13
1bb9
What is -1201101 (base 3) in base 7?
-3436
Convert a054 (base 11) to base 5.
411434
-434100 (base 5) to base 12
-8758
Convert -12202011 (base 3) to base 9.
-5664
Convert 41223 (base 8) to base 12.
9a43
-4693 (base 11) to base 3
-22102212
Convert -3772 (base 11) to base 8.
-11467
Convert 75e3 (base 15) to base 8.
60603
1a69 (base 12) to base 2
110010110001
-201021 (base 3) to base 5
-4040
-11101110111100 (base 2) to base 14
-5804
What is 981 (base 16) in base 8?
4601
What is 11011100 (base 2) in base 15?
ea
Convert aa (base 13) to base 5.
1030
9649 (base 11) to base 16
31d6
Convert -2110012200 (base 3) to base 16.
-bc8b
What is 5203 (base 7) in base 6?
12224
1033224 (base 6) to base 2
1100100001010000
-4264 (base 8) to base 16
-8b4
202 (base 11) to base 10
244
Convert -52235 (base 7) to base 13.
-5aaa
-34 (base 14) to base 4
-232
120212 (base 4) to base 7
4406
-125b (base 12) to base 7
-6041
-2b6 (base 14) to base 15
-26c
What is -a7 (base 11) in base 10?
-117
353 (base 12) to base 3
200100
Convert -13180 (base 9) to base 11.
-6762
31525 (base 10) to base 15
951a
Convert 2e7 (base 15) to base 13.
3c4
Convert -1000020 (base 3) to base 4.
-23133
Convert 15483 (base 10) to base 7.
63066
What is 4204300 (base 5) in base 2?
10000111011001101
-1101221 (base 3) to base 16
-400
What is 42126 (base 7) in base 6?
115543
Convert -16434 (base 8) to base 9.
-11200
Convert -121002011 (base 3) to base 7.
-46114
Convert 1795 (base 12) to base 9.
3815
What is 1765 (base 11) in base 7?
6362
-1ab (base 14) to base 8
-533
What is -13572 (base 9) in base 11?
-6a20
Convert 10000000101000 (base 2) to base 14.
3000
What is 14444 (base 6) in base 5?
33312
122145 (base 8) to base 12
20431
25343 (base 6) to base 7
14046
Convert 1361 (base 16) to base 7.
20315
What is 9711 (base 11) in base 16?
3226
-232402 (base 7) to base 10
-41701
What is -331412 (base 5) in base 7?
-45322
Convert -203 (base 10) to base 9.
-245
What is 31 (base 7) in base 14?
18
What is -33863 (base 9) in base 14?
-8327
What is 951 (base 11) in base 5?
14040
Convert 111111011 (base 2) to base 3.
200210
What is 33232 (base 4) in base 16?
3ee
86 (base 9) to base 2
1001110
What is -100000001101 (base 2) in base 15?
-926
What is 8a1 (base 11) in base 15?
4be
-2112 (base 6) to base 8
-734
What is -175 (base 8) in base 10?
-125
-5451 (base 9) to base 5
-112030
What is 63 (base 7) in base 8?
55
What is -45 (base 6) in base 12?
-25
Convert 37052 (base 11) to base 2.
1101000000110001
Convert -14627 (base 8) to base 7.
-25046
-1030 (base 16) to base 10
-4144
25c2 (base 15) to base 14
2d17
11376 (base 8) to base 4
1023332
Convert 226 (base 10) to base 3.
22101
What is -434241 (base 5) in base 10?
-14946
Convert -1053 (base 8) to base 10.
-555
What is -10170 (base 8) in base 4?
-1001320
Convert -10526 (base 11) to base 3.
-202221201
What is 1000101100100 (base 2) in base 11?
3388
1915 (base 14) to base 9
6180
2220021 (base 3) to base 15
95d
8891 (base 10) to base 11
6753
Convert 170 (base 16) to base 2.
101110000
-195 (base 11) to base 5
-1400
What is a97 (base 13) in base 9?
2435
Convert -4720 (base 16) to base 10.
-18208
Convert -1445 (base 9) to base 13.
-662
What is -2427 (base 16) in base 5?
-244010
What is -22121033 (base 4) in base 15?
-c935
What is -5454 (base 6) in base 15?
-58d
-23761 (base 10) to base 14
-8933
Convert -300 (base 11) to base 2.
-101101011
Convert -22002 (base 3) to base 14.
-118
-10000000 (base 3) to base 13
-cc3
-797 (base 16) to base 6
-12555
What is 1030211 (base 4) in base 11?
3756
What is 154db (base 15) in base 5?
4143411
-1177 (base 8) to base 9
-780
What is -41214 (base 5) in base 2?
-101001111100
Convert -7dc (base 14) to base 13.
-936
What is -491 (base 15) in base 3?
-1102101
8824 (base 10) to base 2
10001001111000
-23c (base 14) to base 3
-121112
-1012010 (base 3) to base 12
-603
63a3 (base 14) to base 10
17195
What is 44222 (base 6) in base 12?
3672
What is -1011110 (base 2) in base 3?
-10111
Convert 243 (base 16) to base 11.
487
Convert -1261 (base 9) to base 16.
-3b2
What is -15058 (base 11) in base 4?
-11031233
What is 1044 (base 5) in base 15?
9e
-227 (base 8) to base 5
-1101
-2645 (base 14) to base 9
-10202
What is 3a46 (base 11) in base 8?
12205
1363 (base 7) to base 3
201211
Convert 1180 (base 12) to base 15.
8b3
1000000011 (base 2) to base 15
245
Convert -340250 (base 6) to base 14.
-a5dc
-22210 (base 3) to base 4
-3231
What is 100212 (base 3) in base 6?
1122
110111010110 (base 2) to base 7
13220
Convert -828 (base 9) to base 2.
-1010100010
f4a (base 16) to base 2
111101001010
Convert 1 (base 6) to base 7.
1
What is -20232 (base 9) in base 6?
-141345
-11001111011 (base 2) to base 15
-759
What is 787 (base 9) in base 8?
1206
-64224 (base 7) to base 15
-4a99
Convert -321 (base 8) to base 10.
-209
Convert -1233101 (base 5) to base 16.
-5e57
-14214 (base 5) to base 2
-10010100000
What is 10a4 (base 13) in base 9?
3170
Convert 3104 (base 8) to base 14.
828
Convert 451123 (base 6) to base 13.
142c8
Convert -4496 (b